{"id":1482,"date":"2026-03-30T22:37:38","date_gmt":"2026-03-30T20:37:38","guid":{"rendered":"https:\/\/www.orpheusbt.com\/?page_id=1482"},"modified":"2026-04-03T11:07:04","modified_gmt":"2026-04-03T09:07:04","slug":"sustainability","status":"publish","type":"page","link":"https:\/\/www.orpheusbt.com\/index.php\/sustainability\/","title":{"rendered":"Sustainability"},"content":{"rendered":"\t\t<div data-elementor-type=\"wp-page\" data-elementor-id=\"1482\" class=\"elementor elementor-1482\">\n\t\t\t\t\t\t<section class=\"elementor-section elementor-top-section elementor-element elementor-element-4766639 elementor-section-full_width elementor-section-height-default elementor-section-height-default\" data-id=\"4766639\" data-element_type=\"section\" data-e-type=\"section\">\n\t\t\t\t\t\t<div class=\"elementor-container elementor-column-gap-no\">\n\t\t\t\t\t<div class=\"elementor-column elementor-col-100 elementor-top-column elementor-element elementor-element-4bc5aa7\" data-id=\"4bc5aa7\" data-element_type=\"column\" data-e-type=\"column\">\n\t\t\t<div class=\"elementor-widget-wrap\">\n\t\t\t\t\t\t\t<\/div>\n\t\t<\/div>\n\t\t\t\t\t<\/div>\n\t\t<\/section>\n\t\t\t\t<section class=\"elementor-section elementor-top-section elementor-element elementor-element-31b7bf7 elementor-section-boxed elementor-section-height-default elementor-section-height-default\" data-id=\"31b7bf7\" data-element_type=\"section\" data-e-type=\"section\" id=\"service\">\n\t\t\t\t\t\t<div class=\"elementor-container elementor-column-gap-no\">\n\t\t\t\t\t<div class=\"elementor-column elementor-col-100 elementor-top-column elementor-element elementor-element-50c5553\" data-id=\"50c5553\" data-element_type=\"column\" data-e-type=\"column\">\n\t\t\t<div class=\"elementor-widget-wrap elementor-element-populated\">\n\t\t\t\t\t\t<section class=\"elementor-section elementor-inner-section elementor-element elementor-element-b74de0c elementor-section-boxed elementor-section-height-default elementor-section-height-default\" data-id=\"b74de0c\" data-element_type=\"section\" data-e-type=\"section\">\n\t\t\t\t\t\t<div class=\"elementor-container elementor-column-gap-default\">\n\t\t\t\t\t<div class=\"elementor-column elementor-col-100 elementor-inner-column elementor-element elementor-element-9509aae\" data-id=\"9509aae\" data-element_type=\"column\" data-e-type=\"column\">\n\t\t\t<div class=\"elementor-widget-wrap elementor-element-populated\">\n\t\t\t\t\t\t<div class=\"elementor-element elementor-element-56d99a2 elementor-widget elementor-widget-text-editor\" data-id=\"56d99a2\" data-element_type=\"widget\" data-e-type=\"widget\" data-widget_type=\"text-editor.default\">\n\t\t\t\t<div class=\"elementor-widget-container\">\n\t\t\t\t\t\t\t\t\t<h2>\ud83c\udf0d <strong>Nasze Zaanga\u017cowanie w Zr\u00f3wnowa\u017con\u0105 Turystyk\u0119<\/strong><\/h2><p>Wierzymy, \u017ce podr\u00f3\u017ce mog\u0105 zmienia\u0107 \u015bwiat na lepsze \u2014 pod warunkiem, \u017ce s\u0105 planowane i realizowane odpowiedzialnie. Zr\u00f3wnowa\u017cona turystyka jest fundamentem naszej dzia\u0142alno\u015bci. Ka\u017cdy program, ka\u017cdy partner i ka\u017cdy proces w firmie jest projektowany tak, aby minimalizowa\u0107 wp\u0142yw na \u015brodowisko, wspiera\u0107 lokalne spo\u0142eczno\u015bci i chroni\u0107 dziedzictwo kulturowe odwiedzanych miejsc.<\/p><p>Poni\u017cej przedstawiamy pe\u0142en zakres dzia\u0142a\u0144, kt\u00f3re realizujemy w ramach naszej strategii odpowiedzialnej turystyki.<\/p>\t\t\t\t\t\t\t\t<\/div>\n\t\t\t\t<\/div>\n\t\t\t\t\t<\/div>\n\t\t<\/div>\n\t\t\t\t\t<\/div>\n\t\t<\/section>\n\t\t\t\t<div class=\"elementor-element elementor-element-6413c1c elementor-widget elementor-widget-spacer\" data-id=\"6413c1c\" data-element_type=\"widget\" data-e-type=\"widget\" data-widget_type=\"spacer.default\">\n\t\t\t\t<div class=\"elementor-widget-container\">\n\t\t\t\t\t\t\t<div class=\"elementor-spacer\">\n\t\t\t<div class=\"elementor-spacer-inner\"><\/div>\n\t\t<\/div>\n\t\t\t\t\t\t<\/div>\n\t\t\t\t<\/div>\n\t\t\t\t<section class=\"elementor-section elementor-inner-section elementor-element elementor-element-f6e65ed elementor-section-boxed elementor-section-height-default elementor-section-height-default\" data-id=\"f6e65ed\" data-element_type=\"section\" data-e-type=\"section\">\n\t\t\t\t\t\t<div class=\"elementor-container elementor-column-gap-default\">\n\t\t\t\t\t<div class=\"elementor-column elementor-col-100 elementor-inner-column elementor-element elementor-element-2ae6501\" data-id=\"2ae6501\" data-element_type=\"column\" data-e-type=\"column\">\n\t\t\t<div class=\"elementor-widget-wrap elementor-element-populated\">\n\t\t\t\t\t\t<div class=\"elementor-element elementor-element-aaa67ec elementor-widget elementor-widget-text-editor\" data-id=\"aaa67ec\" data-element_type=\"widget\" data-e-type=\"widget\" data-widget_type=\"text-editor.default\">\n\t\t\t\t<div class=\"elementor-widget-container\">\n\t\t\t\t\t\t\t\t\t<h2><img fetchpriority=\"high\" decoding=\"async\" class=\"alignright wp-image-1484\" src=\"https:\/\/www.orpheusbt.com\/wp-content\/uploads\/2026\/03\/jak-ograniczyc-slad-weglowy-1024x768.jpg\" alt=\"\" width=\"400\" height=\"300\" srcset=\"https:\/\/www.orpheusbt.com\/wp-content\/uploads\/2026\/03\/jak-ograniczyc-slad-weglowy-1024x768.jpg 1024w, https:\/\/www.orpheusbt.com\/wp-content\/uploads\/2026\/03\/jak-ograniczyc-slad-weglowy-300x225.jpg 300w, https:\/\/www.orpheusbt.com\/wp-content\/uploads\/2026\/03\/jak-ograniczyc-slad-weglowy-768x576.jpg 768w, https:\/\/www.orpheusbt.com\/wp-content\/uploads\/2026\/03\/jak-ograniczyc-slad-weglowy.jpg 1200w\" sizes=\"(max-width: 400px) 100vw, 400px\" \/>\ud83c\udf31 <strong>1. Ochrona \u015arodowiska<\/strong><\/h2><h3><strong><br \/>Redukcja \u015bladu w\u0119glowego<\/strong><\/h3><ul><li><p>Optymalizujemy trasy i wybieramy po\u0142\u0105czenia o ni\u017cszej emisji CO\u2082.<\/p><\/li><li><p>Zach\u0119camy klient\u00f3w do wyboru transportu o mniejszym wp\u0142ywie na \u015brodowisko.<\/p><\/li><li><p>Wspieramy programy kompensacji emisji i oferujemy klientom mo\u017cliwo\u015b\u0107 offsetowania podr\u00f3\u017cy.<\/p><\/li><li><p>Wsp\u00f3\u0142pracujemy z dostawcami, kt\u00f3rzy monitoruj\u0105 i redukuj\u0105 w\u0142asne emisje.<\/p><\/li><\/ul><h3><strong>Ochrona przyrody<\/strong><\/h3><ul><li><p>Wybieramy destynacje i partner\u00f3w, kt\u00f3rzy dbaj\u0105 o ochron\u0119 ekosystem\u00f3w.<\/p><\/li><li><p>Unikamy atrakcji ingeruj\u0105cych w naturalne \u015brodowisko lub szkodz\u0105cych zwierz\u0119tom.<\/p><\/li><li><p>Wspieramy lokalne projekty ekologiczne i inicjatywy ochrony przyrody.<\/p><\/li><\/ul><h3><strong>Ekologiczne funkcjonowanie biura<\/strong><\/h3><ul><li><p>Polityka \u201edigital-first\u201d \u2014 ograniczamy druk i papier.<\/p><\/li><li><p>Segregacja odpad\u00f3w i minimalizacja zu\u017cycia plastiku.<\/p><\/li><li><p>Energooszcz\u0119dne o\u015bwietlenie i sprz\u0119t biurowy.<\/p><\/li><\/ul>\t\t\t\t\t\t\t\t<\/div>\n\t\t\t\t<\/div>\n\t\t\t\t\t<\/div>\n\t\t<\/div>\n\t\t\t\t\t<\/div>\n\t\t<\/section>\n\t\t\t\t<div class=\"elementor-element elementor-element-27e5b0c elementor-widget elementor-widget-spacer\" data-id=\"27e5b0c\" data-element_type=\"widget\" data-e-type=\"widget\" data-widget_type=\"spacer.default\">\n\t\t\t\t<div class=\"elementor-widget-container\">\n\t\t\t\t\t\t\t<div class=\"elementor-spacer\">\n\t\t\t<div class=\"elementor-spacer-inner\"><\/div>\n\t\t<\/div>\n\t\t\t\t\t\t<\/div>\n\t\t\t\t<\/div>\n\t\t\t\t<section class=\"elementor-section elementor-inner-section elementor-element elementor-element-95ab445 elementor-section-boxed elementor-section-height-default elementor-section-height-default\" data-id=\"95ab445\" data-element_type=\"section\" data-e-type=\"section\">\n\t\t\t\t\t\t<div class=\"elementor-container elementor-column-gap-default\">\n\t\t\t\t\t<div class=\"elementor-column elementor-col-100 elementor-inner-column elementor-element elementor-element-2f769de\" data-id=\"2f769de\" data-element_type=\"column\" data-e-type=\"column\">\n\t\t\t<div class=\"elementor-widget-wrap elementor-element-populated\">\n\t\t\t\t\t\t<div class=\"elementor-element elementor-element-bc964a5 elementor-widget elementor-widget-text-editor\" data-id=\"bc964a5\" data-element_type=\"widget\" data-e-type=\"widget\" data-widget_type=\"text-editor.default\">\n\t\t\t\t<div class=\"elementor-widget-container\">\n\t\t\t\t\t\t\t\t\t<p><img decoding=\"async\" class=\"alignright wp-image-1495\" src=\"https:\/\/www.orpheusbt.com\/wp-content\/uploads\/2026\/04\/picc-300x200.jpg\" alt=\"\" width=\"450\" height=\"300\" srcset=\"https:\/\/www.orpheusbt.com\/wp-content\/uploads\/2026\/04\/picc-300x200.jpg 300w, https:\/\/www.orpheusbt.com\/wp-content\/uploads\/2026\/04\/picc-1024x683.jpg 1024w, https:\/\/www.orpheusbt.com\/wp-content\/uploads\/2026\/04\/picc-768x512.jpg 768w, https:\/\/www.orpheusbt.com\/wp-content\/uploads\/2026\/04\/picc-1200x800.jpg 1200w, https:\/\/www.orpheusbt.com\/wp-content\/uploads\/2026\/04\/picc.jpg 1536w\" sizes=\"(max-width: 450px) 100vw, 450px\" \/><\/p><p>\u00a0<\/p><h2>\ud83e\udd1d <strong>2. Odpowiedzialno\u015b\u0107 Spo\u0142eczna i Wsparcie Lokalnych Spo\u0142eczno\u015bci<\/strong><\/h2><p>\u00a0<\/p><h3><strong>Wsp\u00f3\u0142praca z lokalnymi partnerami<\/strong><\/h3><ul><li><p>Wybieramy lokalne hotele, przewodnik\u00f3w, restauracje i firmy transportowe.<\/p><\/li><li><p>Dbamy o to, aby jak najwi\u0119ksza cz\u0119\u015b\u0107 wydatk\u00f3w turystycznych trafia\u0142a do lokalnej gospodarki.<\/p><\/li><li><p>Promujemy autentyczne do\u015bwiadczenia prowadzone przez lokalnych mieszka\u0144c\u00f3w.<\/p><\/li><\/ul><h3><strong>Uczciwe warunki pracy<\/strong><\/h3><ul><li><p>Wsp\u00f3\u0142pracujemy wy\u0142\u0105cznie z partnerami zapewniaj\u0105cymi godne wynagrodzenia i bezpieczne warunki pracy.<\/p><\/li><li><p>Nie akceptujemy \u017cadnych form wyzysku lub nieetycznych praktyk.<\/p><\/li><\/ul><h3><strong>Wzmocnienie g\u0142osu spo\u0142eczno\u015bci<\/strong><\/h3><ul><li><p>W\u0142\u0105czamy do program\u00f3w inicjatywy prowadzone przez spo\u0142eczno\u015bci lokalne i rdzennych mieszka\u0144c\u00f3w.<\/p><\/li><li><p>Dbamy o to, aby kultura by\u0142a prezentowana w spos\u00f3b autentyczny i z poszanowaniem tradycji.<\/p><\/li><\/ul>\t\t\t\t\t\t\t\t<\/div>\n\t\t\t\t<\/div>\n\t\t\t\t\t<\/div>\n\t\t<\/div>\n\t\t\t\t\t<\/div>\n\t\t<\/section>\n\t\t\t\t<div class=\"elementor-element elementor-element-10e3289 elementor-widget elementor-widget-spacer\" data-id=\"10e3289\" data-element_type=\"widget\" data-e-type=\"widget\" data-widget_type=\"spacer.default\">\n\t\t\t\t<div class=\"elementor-widget-container\">\n\t\t\t\t\t\t\t<div class=\"elementor-spacer\">\n\t\t\t<div class=\"elementor-spacer-inner\"><\/div>\n\t\t<\/div>\n\t\t\t\t\t\t<\/div>\n\t\t\t\t<\/div>\n\t\t\t\t<section class=\"elementor-section elementor-inner-section elementor-element elementor-element-24cad21 elementor-section-boxed elementor-section-height-default elementor-section-height-default\" data-id=\"24cad21\" data-element_type=\"section\" data-e-type=\"section\">\n\t\t\t\t\t\t<div class=\"elementor-container elementor-column-gap-default\">\n\t\t\t\t\t<div class=\"elementor-column elementor-col-100 elementor-inner-column elementor-element elementor-element-f4ba974\" data-id=\"f4ba974\" data-element_type=\"column\" data-e-type=\"column\">\n\t\t\t<div class=\"elementor-widget-wrap elementor-element-populated\">\n\t\t\t\t\t\t<div class=\"elementor-element elementor-element-3623074 elementor-widget elementor-widget-text-editor\" data-id=\"3623074\" data-element_type=\"widget\" data-e-type=\"widget\" data-widget_type=\"text-editor.default\">\n\t\t\t\t<div class=\"elementor-widget-container\">\n\t\t\t\t\t\t\t\t\t<p><img decoding=\"async\" class=\"wp-image-1486 alignleft\" src=\"https:\/\/www.orpheusbt.com\/wp-content\/uploads\/2026\/03\/mc499c5bcczyznawgc3b3rach-300x157.jpg\" alt=\"\" width=\"465\" height=\"243\" srcset=\"https:\/\/www.orpheusbt.com\/wp-content\/uploads\/2026\/03\/mc499c5bcczyznawgc3b3rach-300x157.jpg 300w, https:\/\/www.orpheusbt.com\/wp-content\/uploads\/2026\/03\/mc499c5bcczyznawgc3b3rach-768x401.jpg 768w, https:\/\/www.orpheusbt.com\/wp-content\/uploads\/2026\/03\/mc499c5bcczyznawgc3b3rach.jpg 822w\" sizes=\"(max-width: 465px) 100vw, 465px\" \/><\/p><p>\u00a0<\/p><h2>\ud83e\udded <strong>3. Etyczne Projektowanie Podr\u00f3\u017cy<br \/><br \/><br \/><br \/><\/strong><\/h2><h3><strong>Odpowiedzialne planowanie tras<\/strong><\/h3><ul><li><p>Unikamy miejsc dotkni\u0119tych overtourismem w godzinach i sezonach szczytowych.<\/p><\/li><li><p>Promujemy mniej znane regiony, aby r\u00f3wnomiernie rozk\u0142ada\u0107 ruch turystyczny.<\/p><\/li><li><p>Zach\u0119camy do \u201eslow travel\u201d i d\u0142u\u017cszych pobyt\u00f3w.<\/p><\/li><\/ul><h3><strong>Polityka dobrostanu zwierz\u0105t<\/strong><\/h3><ul><li><p>Nie oferujemy atrakcji z udzia\u0142em zwierz\u0105t w niewoli.<\/p><\/li><li><p>Stosujemy mi\u0119dzynarodowe wytyczne dotycz\u0105ce obserwacji dzikiej fauny.<\/p><\/li><li><p>Wspieramy partner\u00f3w, kt\u00f3rzy dbaj\u0105 o ochron\u0119 gatunk\u00f3w.<\/p><\/li><\/ul><h3><strong>Szacunek dla kultur<\/strong><\/h3><ul><li><p>Przygotowujemy klient\u00f3w do odpowiedzialnych zachowa\u0144 kulturowych.<\/p><\/li><li><p>Dbamy o to, aby wszystkie interakcje by\u0142y oparte na zgodzie, szacunku i korzy\u015bci dla lokalnych spo\u0142eczno\u015bci.<\/p><\/li><\/ul>\t\t\t\t\t\t\t\t<\/div>\n\t\t\t\t<\/div>\n\t\t\t\t\t<\/div>\n\t\t<\/div>\n\t\t\t\t\t<\/div>\n\t\t<\/section>\n\t\t\t\t<div class=\"elementor-element elementor-element-4c26cfc elementor-widget elementor-widget-spacer\" data-id=\"4c26cfc\" data-element_type=\"widget\" data-e-type=\"widget\" data-widget_type=\"spacer.default\">\n\t\t\t\t<div class=\"elementor-widget-container\">\n\t\t\t\t\t\t\t<div class=\"elementor-spacer\">\n\t\t\t<div class=\"elementor-spacer-inner\"><\/div>\n\t\t<\/div>\n\t\t\t\t\t\t<\/div>\n\t\t\t\t<\/div>\n\t\t\t\t<section class=\"elementor-section elementor-inner-section elementor-element elementor-element-26d2833 elementor-section-boxed elementor-section-height-default elementor-section-height-default\" data-id=\"26d2833\" data-element_type=\"section\" data-e-type=\"section\">\n\t\t\t\t\t\t<div class=\"elementor-container elementor-column-gap-default\">\n\t\t\t\t\t<div class=\"elementor-column elementor-col-100 elementor-inner-column elementor-element elementor-element-ee0f103\" data-id=\"ee0f103\" data-element_type=\"column\" data-e-type=\"column\">\n\t\t\t<div class=\"elementor-widget-wrap elementor-element-populated\">\n\t\t\t\t\t\t<div class=\"elementor-element elementor-element-ad22861 elementor-widget elementor-widget-text-editor\" data-id=\"ad22861\" data-element_type=\"widget\" data-e-type=\"widget\" data-widget_type=\"text-editor.default\">\n\t\t\t\t<div class=\"elementor-widget-container\">\n\t\t\t\t\t\t\t\t\t<p><img loading=\"lazy\" decoding=\"async\" class=\"alignright wp-image-1487\" src=\"https:\/\/www.orpheusbt.com\/wp-content\/uploads\/2026\/03\/9-300x200.jpg\" alt=\"\" width=\"450\" height=\"300\" srcset=\"https:\/\/www.orpheusbt.com\/wp-content\/uploads\/2026\/03\/9-300x200.jpg 300w, https:\/\/www.orpheusbt.com\/wp-content\/uploads\/2026\/03\/9-1024x683.jpg 1024w, https:\/\/www.orpheusbt.com\/wp-content\/uploads\/2026\/03\/9-768x512.jpg 768w, https:\/\/www.orpheusbt.com\/wp-content\/uploads\/2026\/03\/9.jpg 1200w\" sizes=\"(max-width: 450px) 100vw, 450px\" \/><\/p><p>\u00a0<\/p><h2>\u267b\ufe0f <strong>4. Zr\u00f3wnowa\u017cone Zarz\u0105dzanie Dostawcami<\/strong><\/h2><p>\u00a0<\/p><h3><strong>Weryfikacja partner\u00f3w<\/strong><\/h3><ul><li><p>Oceniamy hotele, DMC i przewo\u017anik\u00f3w pod k\u0105tem ich dzia\u0142a\u0144 proekologicznych.<\/p><\/li><li><p>Preferujemy partner\u00f3w posiadaj\u0105cych certyfikaty: Travelife, Green Key, EarthCheck lub lokalne eko-etykiety.<\/p><\/li><\/ul><h3><strong>Wsp\u00f3lne podnoszenie standard\u00f3w<\/strong><\/h3><ul><li><p>Zach\u0119camy partner\u00f3w do wdra\u017cania bardziej zr\u00f3wnowa\u017conych praktyk.<\/p><\/li><li><p>Regularnie aktualizujemy nasze kryteria i polityki wsp\u00f3\u0142pracy.<\/p><\/li><\/ul>\t\t\t\t\t\t\t\t<\/div>\n\t\t\t\t<\/div>\n\t\t\t\t\t<\/div>\n\t\t<\/div>\n\t\t\t\t\t<\/div>\n\t\t<\/section>\n\t\t\t\t<div class=\"elementor-element elementor-element-da16d60 elementor-widget elementor-widget-spacer\" data-id=\"da16d60\" data-element_type=\"widget\" data-e-type=\"widget\" data-widget_type=\"spacer.default\">\n\t\t\t\t<div class=\"elementor-widget-container\">\n\t\t\t\t\t\t\t<div class=\"elementor-spacer\">\n\t\t\t<div class=\"elementor-spacer-inner\"><\/div>\n\t\t<\/div>\n\t\t\t\t\t\t<\/div>\n\t\t\t\t<\/div>\n\t\t\t\t<section class=\"elementor-section elementor-inner-section elementor-element elementor-element-3b2681b elementor-section-boxed elementor-section-height-default elementor-section-height-default\" data-id=\"3b2681b\" data-element_type=\"section\" data-e-type=\"section\">\n\t\t\t\t\t\t<div class=\"elementor-container elementor-column-gap-default\">\n\t\t\t\t\t<div class=\"elementor-column elementor-col-100 elementor-inner-column elementor-element elementor-element-21703a2\" data-id=\"21703a2\" data-element_type=\"column\" data-e-type=\"column\">\n\t\t\t<div class=\"elementor-widget-wrap elementor-element-populated\">\n\t\t\t\t\t\t<div class=\"elementor-element elementor-element-d29d251 elementor-widget elementor-widget-text-editor\" data-id=\"d29d251\" data-element_type=\"widget\" data-e-type=\"widget\" data-widget_type=\"text-editor.default\">\n\t\t\t\t<div class=\"elementor-widget-container\">\n\t\t\t\t\t\t\t\t\t<p><img loading=\"lazy\" decoding=\"async\" class=\"alignright wp-image-1488\" src=\"https:\/\/www.orpheusbt.com\/wp-content\/uploads\/2026\/03\/2147826561-870x563-1-300x194.jpg\" alt=\"\" width=\"500\" height=\"324\" srcset=\"https:\/\/www.orpheusbt.com\/wp-content\/uploads\/2026\/03\/2147826561-870x563-1-300x194.jpg 300w, https:\/\/www.orpheusbt.com\/wp-content\/uploads\/2026\/03\/2147826561-870x563-1-768x497.jpg 768w, https:\/\/www.orpheusbt.com\/wp-content\/uploads\/2026\/03\/2147826561-870x563-1.jpg 870w\" sizes=\"(max-width: 500px) 100vw, 500px\" \/><\/p><p>\u00a0<\/p><h2>\ud83d\udcda <strong>5. Edukacja i \u015awiadomo\u015b\u0107<br \/><br \/><\/strong><\/h2><h3><strong>Dla podr\u00f3\u017cnych<\/strong><\/h3><ul><li><p>Przekazujemy wskaz\u00f3wki dotycz\u0105ce odpowiedzialnego podr\u00f3\u017cowania.<\/p><\/li><li><p>Informujemy o zasadach ochrony \u015brodowiska i lokalnych zwyczajach.<\/p><\/li><li><p>Promujemy ekologiczne listy pakowania.<\/p><\/li><\/ul><h3><strong>Dla zespo\u0142u<\/strong><\/h3><ul><li><p>Regularne szkolenia z zakresu zr\u00f3wnowa\u017conej turystyki.<\/p><\/li><li><p>Warsztaty dotycz\u0105ce wp\u0142ywu podr\u00f3\u017cy na klimat, bior\u00f3\u017cnorodno\u015b\u0107 i spo\u0142eczno\u015bci.<\/p><\/li><li><p>Wewn\u0119trzne procedury zgodne ze standardami Travelife.<\/p><\/li><\/ul>\t\t\t\t\t\t\t\t<\/div>\n\t\t\t\t<\/div>\n\t\t\t\t\t<\/div>\n\t\t<\/div>\n\t\t\t\t\t<\/div>\n\t\t<\/section>\n\t\t\t\t<div class=\"elementor-element elementor-element-4ae20d1 elementor-widget elementor-widget-spacer\" data-id=\"4ae20d1\" data-element_type=\"widget\" data-e-type=\"widget\" data-widget_type=\"spacer.default\">\n\t\t\t\t<div class=\"elementor-widget-container\">\n\t\t\t\t\t\t\t<div class=\"elementor-spacer\">\n\t\t\t<div class=\"elementor-spacer-inner\"><\/div>\n\t\t<\/div>\n\t\t\t\t\t\t<\/div>\n\t\t\t\t<\/div>\n\t\t\t\t<div class=\"elementor-element elementor-element-4c7ae69 elementor-widget elementor-widget-spacer\" data-id=\"4c7ae69\" data-element_type=\"widget\" data-e-type=\"widget\" data-widget_type=\"spacer.default\">\n\t\t\t\t<div class=\"elementor-widget-container\">\n\t\t\t\t\t\t\t<div class=\"elementor-spacer\">\n\t\t\t<div class=\"elementor-spacer-inner\"><\/div>\n\t\t<\/div>\n\t\t\t\t\t\t<\/div>\n\t\t\t\t<\/div>\n\t\t\t\t<section class=\"elementor-section elementor-inner-section elementor-element elementor-element-d964c30 elementor-section-boxed elementor-section-height-default elementor-section-height-default\" data-id=\"d964c30\" data-element_type=\"section\" data-e-type=\"section\">\n\t\t\t\t\t\t<div class=\"elementor-container elementor-column-gap-default\">\n\t\t\t\t\t<div class=\"elementor-column elementor-col-50 elementor-inner-column elementor-element elementor-element-393d2b4\" data-id=\"393d2b4\" data-element_type=\"column\" data-e-type=\"column\">\n\t\t\t<div class=\"elementor-widget-wrap\">\n\t\t\t\t\t\t\t<\/div>\n\t\t<\/div>\n\t\t\t\t<div class=\"elementor-column elementor-col-50 elementor-inner-column elementor-element elementor-element-51cbef6\" data-id=\"51cbef6\" data-element_type=\"column\" data-e-type=\"column\">\n\t\t\t<div class=\"elementor-widget-wrap\">\n\t\t\t\t\t\t\t<\/div>\n\t\t<\/div>\n\t\t\t\t\t<\/div>\n\t\t<\/section>\n\t\t\t\t\t<\/div>\n\t\t<\/div>\n\t\t\t\t\t<\/div>\n\t\t<\/section>\n\t\t\t\t<section class=\"elementor-section elementor-top-section elementor-element elementor-element-3b2aa3c elementor-section-full_width elementor-section-height-default elementor-section-height-default\" data-id=\"3b2aa3c\" data-element_type=\"section\" data-e-type=\"section\">\n\t\t\t\t\t\t<div class=\"elementor-container elementor-column-gap-no\">\n\t\t\t\t\t<div class=\"elementor-column elementor-col-100 elementor-top-column elementor-element elementor-element-f0c3eb1\" data-id=\"f0c3eb1\" data-element_type=\"column\" data-e-type=\"column\">\n\t\t\t<div class=\"elementor-widget-wrap\">\n\t\t\t\t\t\t\t<\/div>\n\t\t<\/div>\n\t\t\t\t\t<\/div>\n\t\t<\/section>\n\t\t\t\t<section class=\"elementor-section elementor-top-section elementor-element elementor-element-c6a3e29 elementor-section-full_width elementor-section-height-default elementor-section-height-default\" data-id=\"c6a3e29\" data-element_type=\"section\" data-e-type=\"section\">\n\t\t\t\t\t\t<div class=\"elementor-container elementor-column-gap-no\">\n\t\t\t\t\t<div class=\"elementor-column elementor-col-100 elementor-top-column elementor-element elementor-element-493d646\" data-id=\"493d646\" data-element_type=\"column\" data-e-type=\"column\">\n\t\t\t<div class=\"elementor-widget-wrap\">\n\t\t\t\t\t\t\t<\/div>\n\t\t<\/div>\n\t\t\t\t\t<\/div>\n\t\t<\/section>\n\t\t\t\t<\/div>\n\t\t","protected":false},"excerpt":{"rendered":"<p>\ud83c\udf0d Nasze Zaanga\u017cowanie w Zr\u00f3wnowa\u017con\u0105 Turystyk\u0119 Wierzymy, \u017ce podr\u00f3\u017ce mog\u0105 zmienia\u0107 \u015bwiat na lepsze \u2014 pod warunkiem, \u017ce s\u0105 planowane i realizowane odpowiedzialnie. Zr\u00f3wnowa\u017cona turystyka jest fundamentem naszej dzia\u0142alno\u015bci. Ka\u017cdy program, ka\u017cdy partner i ka\u017cdy [&hellip;]<\/p>\n","protected":false},"author":1,"featured_media":0,"parent":0,"menu_order":0,"comment_status":"closed","ping_status":"closed","template":"page-builder.php","meta":{"footnotes":""},"class_list":["post-1482","page","type-page","status-publish","hentry"],"_links":{"self":[{"href":"https:\/\/www.orpheusbt.com\/index.php\/wp-json\/wp\/v2\/pages\/1482","targetHints":{"allow":["GET"]}}],"collection":[{"href":"https:\/\/www.orpheusbt.com\/index.php\/wp-json\/wp\/v2\/pages"}],"about":[{"href":"https:\/\/www.orpheusbt.com\/index.php\/wp-json\/wp\/v2\/types\/page"}],"author":[{"embeddable":true,"href":"https:\/\/www.orpheusbt.com\/index.php\/wp-json\/wp\/v2\/users\/1"}],"replies":[{"embeddable":true,"href":"https:\/\/www.orpheusbt.com\/index.php\/wp-json\/wp\/v2\/comments?post=1482"}],"version-history":[{"count":7,"href":"https:\/\/www.orpheusbt.com\/index.php\/wp-json\/wp\/v2\/pages\/1482\/revisions"}],"predecessor-version":[{"id":1498,"href":"https:\/\/www.orpheusbt.com\/index.php\/wp-json\/wp\/v2\/pages\/1482\/revisions\/1498"}],"wp:attachment":[{"href":"https:\/\/www.orpheusbt.com\/index.php\/wp-json\/wp\/v2\/media?parent=1482"}],"curies":[{"name":"wp","href":"https:\/\/api.w.org\/{rel}","templated":true}]}}